{"id":232,"date":"2015-09-15T19:00:40","date_gmt":"2015-09-15T18:00:40","guid":{"rendered":"http:\/\/www.munkaviszony.hu\/?page_id=232"},"modified":"2016-03-02T10:59:22","modified_gmt":"2016-03-02T09:59:22","slug":"munkaugyi-audit-extra","status":"publish","type":"page","link":"https:\/\/www.munkaviszony.hu\/?page_id=232","title":{"rendered":"Munka\u00fcgyi audit extra"},"content":{"rendered":"<div class=\"panel-grid\" id=\"pg-232-0\"><div class=\"panel-grid-core\"><div class=\"panel-grid-cell\" id=\"pgc-232-0-0\" ><p style=\"text-align: center;\"><img decoding=\"async\" src=\"https:\/\/www.munkaviszony.hu\/wp-content\/uploads\/2015\/09\/qwrttt.jpg\" alt=\"\" \/ ><\/p><\/div><div class=\"panel-grid-cell\" id=\"pgc-232-0-1\" ><h2><span style=\"font-size: 14pt;\">Munka\u00fcgyi audit Extra<\/span><\/h2><p>A HR audit a munka\u00fcgyi auditon t\u00falmutat\u00f3an nem csup\u00e1n a t\u00f6rv\u00e9nyes minimumnak val\u00f3 megfelel\u00e9st, hanem egy ann\u00e1l komplexebb szolg\u00e1ltat\u00e1s, mely a jogi lehet\u0151s\u00e9gek maxim\u00e1lis kihaszn\u00e1lts\u00e1g\u00e1t c\u00e9lozza. A jogi keretek maxim\u00e1lis kihaszn\u00e1l\u00e1sa nem lehets\u00e9ges egy \u00e1tfog\u00f3bb, a foglalkoztat\u00f3 szervezet\u00e9t, szervezetts\u00e9g\u00e9t is \u00e9rint\u0151 vizsg\u00e1lat \u00e9s tan\u00e1csad\u00e1s n\u00e9lk\u00fcl. A HR audit egyszeri, \u00f3rad\u00edjas szolg\u00e1ltat\u00e1s. Eredm\u00e9ny: a munka\u00fcgyi audit eredm\u00e9nyei mellett vizsg\u00e1lati jegyz\u0151k\u00f6nyv, munkak\u00f6ri le\u00edr\u00e1sok, szervezeti \u00e1bra, munkav\u00e1llal\u00f3i el\u00e9gedetts\u00e9gi vizsg\u00e1lat eredm\u00e9nye, javaslatok.<\/p><\/div><\/div><\/div>","protected":false},"excerpt":{"rendered":"<p>Munka\u00fcgyi audit ExtraA HR audit a munka\u00fcgyi auditon t\u00falmutat\u00f3an nem csup\u00e1n a t\u00f6rv\u00e9nyes minimumnak val\u00f3 megfelel\u00e9st, hanem egy ann\u00e1l komplexebb szolg\u00e1ltat\u00e1s, mely a jogi lehet\u0151s\u00e9gek maxim\u00e1lis kihaszn\u00e1lts\u00e1g\u00e1t c\u00e9lozza. A jogi keretek maxim\u00e1lis kihaszn\u00e1l\u00e1sa nem lehets\u00e9ges egy \u00e1tfog\u00f3bb, a foglalkoztat\u00f3 szervezet\u00e9t, szervezetts\u00e9g\u00e9t is \u00e9rint\u0151 vizsg\u00e1lat \u00e9s tan\u00e1csad\u00e1s n\u00e9lk\u00fcl. A HR audit egyszeri, \u00f3rad\u00edjas szolg\u00e1ltat\u00e1s. Eredm\u00e9ny: a<\/p>\n<p class=\"more-link\"><a href=\"https:\/\/www.munkaviszony.hu\/?page_id=232\" class=\"themebutton2\">READ MORE<\/a><\/p>\n","protected":false},"author":1,"featured_media":706,"parent":87,"menu_order":0,"comment_status":"open","ping_status":"open","template":"","meta":{"_exactmetrics_skip_tracking":false,"_exactmetrics_sitenote_active":false,"_exactmetrics_sitenote_note":"","_exactmetrics_sitenote_category":0,"footnotes":""},"categories":[3],"tags":[],"class_list":["post-232","page","type-page","status-publish","has-post-thumbnail","hentry","category-szolgaltatasok"],"_links":{"self":[{"href":"https:\/\/www.munkaviszony.hu\/index.php?rest_route=\/wp\/v2\/pages\/232"}],"collection":[{"href":"https:\/\/www.munkaviszony.hu\/index.php?rest_route=\/wp\/v2\/pages"}],"about":[{"href":"https:\/\/www.munkaviszony.hu\/index.php?rest_route=\/wp\/v2\/types\/page"}],"author":[{"embeddable":true,"href":"https:\/\/www.munkaviszony.hu\/index.php?rest_route=\/wp\/v2\/users\/1"}],"replies":[{"embeddable":true,"href":"https:\/\/www.munkaviszony.hu\/index.php?rest_route=%2Fwp%2Fv2%2Fcomments&post=232"}],"version-history":[{"count":4,"href":"https:\/\/www.munkaviszony.hu\/index.php?rest_route=\/wp\/v2\/pages\/232\/revisions"}],"predecessor-version":[{"id":724,"href":"https:\/\/www.munkaviszony.hu\/index.php?rest_route=\/wp\/v2\/pages\/232\/revisions\/724"}],"up":[{"embeddable":true,"href":"https:\/\/www.munkaviszony.hu\/index.php?rest_route=\/wp\/v2\/pages\/87"}],"wp:featuredmedia":[{"embeddable":true,"href":"https:\/\/www.munkaviszony.hu\/index.php?rest_route=\/wp\/v2\/media\/706"}],"wp:attachment":[{"href":"https:\/\/www.munkaviszony.hu\/index.php?rest_route=%2Fwp%2Fv2%2Fmedia&parent=232"}],"wp:term":[{"taxonomy":"category","embeddable":true,"href":"https:\/\/www.munkaviszony.hu\/index.php?rest_route=%2Fwp%2Fv2%2Fcategories&post=232"},{"taxonomy":"post_tag","embeddable":true,"href":"https:\/\/www.munkaviszony.hu\/index.php?rest_route=%2Fwp%2Fv2%2Ftags&post=232"}],"curies":[{"name":"wp","href":"https:\/\/api.w.org\/{rel}","templated":true}]}}

Munkaügyi audit extra

<div class="panel-grid" id="pg-232-0"><div class="panel-grid-core"><div class="panel-grid-cell" id="pgc-232-0-0" ><p style="text-align: center;"><img decoding="async" src="https://www.munkaviszony.hu/wp-content/uploads/2015/09/qwrttt.jpg" alt="" / ></p></div><div class="panel-grid-cell" id="pgc-232-0-1" ><h2><span style="font-size: 14pt;">Munkaügyi audit Extra</span></h2><p>A HR audit a munkaügyi auditon túlmutatóan nem csupán a törvényes minimumnak való megfelelést, hanem egy annál komplexebb szolgáltatás, mely a jogi lehetőségek maximális kihasználtságát célozza. A jogi keretek maximális kihasználása nem lehetséges egy átfogóbb, a foglalkoztató szervezetét, szervezettségét is érintő vizsgálat és tanácsadás nélkül. A HR audit egyszeri, óradíjas szolgáltatás. Eredmény: a munkaügyi audit eredményei mellett vizsgálati jegyzőkönyv, munkaköri leírások, szervezeti ábra, munkavállalói elégedettségi vizsgálat eredménye, javaslatok.</p></div></div></div>

<p>Munkaügyi audit ExtraA HR audit a munkaügyi auditon túlmutatóan nem csupán a törvényes minimumnak való megfelelést, hanem egy annál komplexebb szolgáltatás, mely a jogi lehetőségek maximális kihasználtságát célozza. A jogi keretek maximális kihasználása nem lehetséges egy átfogóbb, a foglalkoztató szervezetét, szervezettségét is érintő vizsgálat és tanácsadás nélkül. A HR audit egyszeri, óradíjas szolgáltatás. Eredmény: a</p>
<p class="more-link"><a href="https://www.munkaviszony.hu/?page_id=232" class="themebutton2">READ MORE</a></p>
